?
9
Calculate the remainder when 591 is divided by 177.
60
Calculate the remainder when 1019 is divided by 37.
20
Calculate the remainder when 110 is divided by 59.
51
What is the remainder when 143 is divided by 56?
31
Calculate the remainder when 9716 is divided by 226.
224
What is the remainder when 169 is divided by 29?
24
What is the remainder when 549 is divided by 520?
29
What is the remainder when 27 is divided by 7?
6
What is the remainder when 85 is divided by 9?
4
Calculate the remainder when 131 is divided by 22.
21
What is the remainder when 696 is divided by 88?
80
Calculate the remainder when 2334 is divided by 32.
30
What is the remainder when 816 is divided by 372?
72
Calculate the remainder when 658 is divided by 198.
64
Calculate the remainder when 238 is divided by 65.
43
What is the remainder when 1070 is divided by 21?
20
Calculate the remainder when 365 is divided by 50.
15
Calculate the remainder when 710 is divided by 89.
87
Calculate the remainder when 208 is divided by 49.
12
What is the remainder when 10948 is divided by 73?
71
What is the remainder when 34 is divided by 12?
10
Calculate the remainder when 611 is divided by 36.
35
Calculate the remainder when 109 is divided by 10.
9
What is the remainder when 1297 is divided by 13?
10
What is the remainder when 690 is divided by 39?
27
What is the remainder when 213 is divided by 67?
12
Calculate the remainder when 747 is divided by 50.
47
What is the remainder when 1108 is divided by 314?
166
What is the remainder when 66 is divided by 31?
4
What is the remainder when 46 is divided by 21?
4
Calculate the remainder when 358 is divided by 81.
34
Calculate the remainder when 159 is divided by 64.
31
What is the remainder when 28 is divided by 21?
7
Calculate the remainder when 295 is divided by 31.
16
Calculate the remainder when 55 is divided by 23.
9
Calculate the remainder when 67 is divided by 14.
11
Calculate the remainder when 994 is divided by 40.
34
Calculate the remainder when 60 is divided by 15.
0
Calculate the remainder when 491 is divided by 12.
11
What is the remainder when 920 is divided by 10?
0
Calculate the remainder when 1762 is divided by 104.
98
Calculate the remainder when 741 is divided by 7.
6
Calculate the remainder when 182 is divided by 31.
27
What is the remainder when 800 is divided by 255?
35
Calculate the remainder when 122 is divided by 48.
26
Calculate the remainder when 98 is divided by 26.
20
Calculate the remainder when 438 is divided by 109.
2
What is the remainder when 318 is divided by 73?
26
Calculate the remainder when 101 is divided by 38.
25
What is the remainder when 1013 is divided by 78?
77
What is the remainder when 545 is divided by 481?
64
Calculate the remainder when 699 is divided by 18.
15
What is the remainder when 1697 is divided by 563?
8
What is the remainder when 186 is divided by 51?
33
Calculate the remainder when 117541 is divided by 28.
25
Calculate the remainder when 410 is divided by 69.
65
What is the remainder when 6709 is divided by 336?
325
What is the remainder when 234 is divided by 141?
93
Calculate the remainder when 2531 is divided by 10.
1
What is the remainder when 2215 is divided by 37?
32
What is the remainder when 157 is divided by 4?
1
Calculate the remainder when 2226 is divided by 741.
3
Calculate the remainder when 222 is divided by 38.
32
Calculate the remainder when 26 is divided by 1.
0
What is the remainder when 554 is divided by 62?
58
What is the remainder when 6801 is divided by 81?
78
What is the remainder when 2225 is divided by 60?
5
What is the remainder when 767 is divided by 116?
71
Calculate the remainder when 2330 is divided by 270.
170
What is the remainder when 28 is divided by 16?
12
Calculate the remainder when 1706 is divided by 91.
68
What is the remainder when 119 is divided by 9?
2
Calculate the remainder when 1636 is divided by 57.
40
What is the remainder when 460 is divided by 21?
19
Calculate the remainder when 16423 is divided by 75.
73
What is the remainder when 7279 is divided by 143?
129
Calculate the remainder when 3837 is divided by 38.
37
Calculate the remainder when 409 is divided by 66.
13
Calculate the remainder when 721 is divided by 25.
21
Calculate the remainder when 2130 is divided by 82.
80
Calculate the remainder when 3949 is divided by 152.
149
What is the remainder when 323 is divided by 24?
11
What is the remainder when 374 is divided by 98?
80
Calculate the remainder when 283 is divided by 138.
7
Calculate the remainder when 65 is divided by 16.
1
Calculate the remainder when 184 is divided by 11.
8
What is the remainder when 431 is divided by 18?
17
Calculate the remainder when 590 is divided by 13.
5
Calculate the remainder when 2639 is divided by 265.
254
What is the remainder when 2666 is divided by 188?
34
What is the remainder when 15 is divided by 8?
7
What is the remainder when 86 is divided by 84?
2
Calculate the remainder when 455 is divided by 51.
47
Calculate the remainder when 102 is divided by 8.
6
What is the remainder when 7365 is divided by 254?
253
What is the remainder when 110 is divided by 11?
0
What is the remainder when 1066 is divided by 69?
31
What is the remainder when 333 is divided by 87?
72
What is the remainder when 428 is divided by 190?
48
What is the remainder when 2724 is divided by 908?
0
Calculate the remainder when 6991 is divided by 26.
23
What is the remainder when 15 is divided by 7?
1
What is the remainder when 4934 is divided by 45?
29
What is the remainder when 113 is divided by 24?
17
What is the remainder when 1332 is divided by 181?
65
What is the remainder when 523 is divided by 93?
58
Calculate the remainder when 307 is divided by 4.
3
What is the remainder when 2898 is divided by 11?
5
Calculate the remainder when 2897 is divided by 242.
235
What is the remainder when 388 is divided by 34?
14
Calculate the remainder when 513 is divided by 180.
153
What is the remainder when 32 is divided by 5?
2
Calculate the remainder when 162 is divided by 11.
8
Calculate the remainder when 397 is divided by 4.
1
What is the remainder when 79 is divided by 18?
7
What is the remainder when 4229 is divided by 6?
5
Calculate the remainder when 494 is divided by 11.
10
Calculate the remainder when 83 is divided by 22.
17
Calculate the remainder when 669 is divided by 105.
39
What is the remainder when 62 is divided by 41?
21
Calculate the remainder when 280 is divided by 12.
4
What is the remainder when 267 is divided by 105?
57
Calculate the remainder when 119 is divided by 56.
7
What is the remainder when 353 is divided by 118?
117
Calculate the remainder when 1698 is divided by 519.
141
What is the remainder when 535 is divided by 219?
97
What is the remainder when 11915 is divided by 59?
56
What is the remainder when 36691 is divided by 9?
7
What is the remainder when 825 is divided by 12?
9
Calculate the remainder when 354 is divided by 34.
14
What is the remainder when 197 is divided by 63?
8
Calculate the remainder when 1251 is divided by 213.
186
What is the remainder when 108 is divided by 20?
8
What is the remainder when 54 is divided by 39?
15
What is the remainder when 1535 is divided by 14?
9
What is the remainder when 42 is divided by 9?
6
What is the remainder when 142 is divided by 80?
62
Calculate the remainder when 652 is divided by 51.
40
What is the remainder when 160 is divided by 84?
76
Calculate the remainder when 1238 is divided by 37.
17
Calculate the remainder when 1977 is divided by 66.
63
Calculate the remainder when 4986 is divided by 20.
6
Calculate the remainder when 116 is divided by 109.
7
Calculate the remainder when 284 is divided by 58.
52
What is the remainder when 383 is divided by 112?
47
Calculate the remainder when 1083 is divided by 126.
75
What is the remainder when 415 is divided by 24?
7
Calculate the remainder when 249 is divided by 193.
56
Calculate the remainder when 174 is divided by 7.
6
What is the remainder when 789 is divided by 82?
51
What is the remainder when 3666 is divided by 1217?
15
Calculate the remainder when 215 is divided by 31.
29
What is the remainder when 155 is divided by 54?
47
Calculate the remainder when 164 is divided by 49.
17
What is t